Let p be u(-6). Let c be ((-12)/(-14))/(3/21). Suppose -c*k + k = -p. List the prime factors of k.
5
Let y be (1 - 0) + (9 - 10). Suppose 5*f = -4*s - 12 - 17, y = 4*s + 3*f + 27. What are the prime factors of (-84)/(-9) + (-4)/s?
2, 5
Suppose -3*d + 21 = 3*v, 5*d - 4 = 3*v - 1. List the prime factors of d.
3
Let z(k) = -k**3 - k**2 - 7. What are the prime factors of z(-4)?
41
Let x = -14 - -33. Suppose 0 = j - z - x, 3*j - z + 0 = 47. What are the prime factors of j?
2, 7
Suppose g - 7 = 11. What are the prime factors of g?
2, 3
Suppose 0 = -2*j + 2 + 4. Suppose 0 = -0*m - j*m + 33. What are the prime factors of m?
11
Suppose r - 253 - 91 = 0. What are the prime factors of r?
2, 43
Suppose -6*q = -2*q - 5*u - 116, -3*q = -2*u - 87. What are the prime factors of q?
29
Suppose -j + 6 = 2*j. Let b(w) = w - 2. Let p be b(j). Suppose p = -2*n - 4, -o + 5*n = -5*o + 26. What are the prime factors of o?
3
Suppose 2*o - 6*o + a = -166, 3*o = a + 125. What are the prime factors of o?
41
Let q = 3 + 1. Suppose f + 60 = -q*f. List the prime factors of (-93)/f - 2/(-8).
2
Let k(b) = b - 7. Let t be k(10). Suppose g - 5*i + 17 = 0, t*g - i - 11 = -2*g. What are the prime factors of (g/(-2))/(6/(-32))?
2
Suppose -j = 2*w - 0*w - 16, -5*w + 70 = 4*j. Suppose 4*n = -j, -t + 0*n = -2*n - 21. List the prime factors of t.
11
Let q(u) = 4*u + 61. What are the prime factors of q(0)?
61
Suppose -13 = -3*a + 476. List the prime factors of a.
163
Let r(u) be the third derivative of u**5/60 + u**4/24 - 2*u**3/3 - 3*u**2. Let s be r(-3). List the prime factors of (-6)/(-4) + 1/s.
2
Suppose -4*t = -0 - 176. Suppose 2*s + 3*b = 4*b + t, 0 = s - 2*b - 25. What are the prime factors of s?
3, 7
Let i = -7 + 7. Suppose -4*g - c + 49 = i, -2*c - 26 = -5*g + 19. List the prime factors of g.
11
Let i = 5 + -2. Suppose -i*h + 2*b + 24 = 0, -3*h - 5*b = -2*h - 8. What are the prime factors of h?
2
Let p(i) be the first derivative of -i**4/4 - 4*i**3/3 + 3*i**2/2 + 6*i - 2. Let j be p(-4). Let n(s) = -s + 1. List the prime factors of n(j).
7
Let q = 6 + -3. Suppose 4*d - d - 3 = q*t, 3*t = 2*d - 2. Let i(o) = o**2 + 11. What are the prime factors of i(t)?
11
Let r be 2 - ((-3 - -6) + 4). Let x(p) = -p**3 - 6*p**2 - 5*p. Let k be x(r). Suppose -4*v - 16 = -3*d - 57, 5*v - 2*d - 46 = k. List the prime factors of v.
2
Let g(l) be the third derivative of 0*l - 1/6*l**3 + 1/24*l**4 + 0 + 4*l**2. What are the prime factors of g(7)?
2, 3
Suppose -9 = -6*v + 3*v. Suppose -2*z - v*z - 30 = 0. Let x(b) = -b**3 - 6*b**2 - b + 5. List the prime factors of x(z).
11
Let h(q) = -4*q - 3. List the prime factors of h(-2).
5
Let x be (2/(-4))/((-1)/6). Suppose -x*u - 3 = -n - u, 3*n - u - 29 = 0. What are the prime factors of n?
11
Suppose g + 4*w - 13 = 17, 4*g - 15 = 5*w. Suppose -2*r + 0 = -g. Suppose -3*l + 4 = -r. List the prime factors of l.
3
Suppose 5*t = -34 - 21. Let y = -5 - t. Let i = y - -2. What are the prime factors of i?
2
Suppose 4*q + 4 = -g - 18, 8 = -q + g. Let o(w) = w**3 + 7*w**2 + 6*w + 6. What are the prime factors of o(q)?
2, 3
Let q(m) = 3*m + 2. Let v(l) = -13*l - 9. Let g(u) = -9*q(u) - 2*v(u). Let y be g(-7). Suppose -j = -0*j - y. What are the prime factors of j?
7
Let g(m) = m + 6. Let j be g(0). What are the prime factors of 1/(((-3)/j)/(-1))?
2
Suppose -s + 4*m = -55, 4*s - 277 + 87 = m. What are the prime factors of s?
47
Suppose 0 = -2*h - 6*h + 2896. List the prime factors of h.
2, 181
Suppose -3*z - z = w - 52, -5*w - 2*z = -188. List the prime factors of w.
2, 3
Let v be (1/(-2))/(1/(-32)). Let u = -7 + v. What are the prime factors of u?
3
Let u(p) be the second derivative of p**4/12 - p**3/6 - p**2 - 4*p. Let s be u(3). What are the prime factors of (s/5)/(2/35)?
2, 7
Suppose -27 = -3*r + 3*m, 2*r + 2*m - 52 = -r. Suppose r = b - 9. List the prime factors of b.
23
Let a be 22/5 - 6/15. Suppose a*u - 9*u = -125. What are the prime factors of u?
5
List the prime factors of 22*(-3 + 5 + 2/4).
5, 11
Let k be (-10)/(-1 + (-3)/3). Let g = k + 0. Suppose -17 - 13 = -g*y. What are the prime factors of y?
2, 3
Let y(b) = b**2 + b - 32. What are the prime factors of y(-11)?
2, 3, 13
Let h(m) = -m - 11. Let t be h(-7). What are the prime factors of (t/5)/(2/(-15))?
2, 3
Suppose 0 = -5*f - 4*o - 52, -4*f + 3*o + 1 = -3*f. List the prime factors of 15 + f + (-2)/2.
2, 3
Let g = -17 + 9. Let j(v) = -v**2 - 10*v - 4. List the prime factors of j(g).
2, 3
Let r = 4 + -10. List the prime factors of (-78)/r + 3*1.
2
Let d(a) = -3*a + 65. List the prime factors of d(0).
5, 13
Let g(h) = -h**3 + h**2 + h - 1. Let y(s) = -5*s**3 - 4*s**2 + 4*s - 14. Let b(d) = 4*g(d) - y(d). What are the prime factors of b(-8)?
2, 5
Let l(c) be the first derivative of c**3/3 - c**2 - c + 1. Let h be l(3). Suppose -2 = -h*z + 8. List the prime factors of z.
5
Let v be 0 + 1 - (-1 + 2). Suppose v = 3*t - 5*t. Suppose t*f = -3*f + 9. List the prime factors of f.
3
Suppose 0 = -2*b, 3*b = 6*v - v - 30. Suppose -v*z + 5*z = 0. Suppose -2*w - 5*r = z, -3*r + 1 = -2*w + 33. What are the prime factors of w?
2, 5
Suppose -2*l - 3 = 3*x - l, 0 = 3*l. What are the prime factors of (9/2)/(x/(-2))?
3
Suppose -9 + 15 = 3*n. List the prime factors of n.
2
Suppose -5*q = a - 14 - 76, 3*q = -3*a + 246. What are the prime factors of a?
2, 5
Let n be (2 + 1)*28/6. Suppose k + 0 = n. List the prime factors of k.
2, 7
Let g(s) be the first derivative of 4*s**3 - s**2 + s - 2. List the prime factors of g(1).
11
What are the prime factors of 35/(-2)*(-2)/1?
5, 7
Suppose 9 = 4*f + 4*t + 1, 2*f = t + 7. Let b = 0 + f. Suppose -2*y + 5*y = -3*j + 30, 2*y - 34 = -b*j. List the prime factors of j.
2, 7
Let v be 2/(-4) - 9/(-2). Let u(w) = -4*w + w - v*w + 3*w. List the prime factors of u(-1).
2
Suppose -3*s - 3*q = 2*q - 16, 3*s + 2*q = 19. Suppose 0*m = m - s. What are the prime factors of m?
7
Suppose -4*n = -2*m - 5*n + 42, 4*n + 8 = 0. List the prime factors of m.
2, 11
Let s be (-46)/6 - (-1)/(-3). Let f = -4 - s. Suppose -4*t - r + 32 = 0, 4*r = -4*t + 48 - f. What are the prime factors of t?
7
Let k(c) = c**2 + c + 57. List the prime factors of k(0).
3, 19
Let v(t) = t**2 - 5*t + 2. What are the prime factors of v(5)?
2
Let w(f) = 23*f**2 - 50 + 50. List the prime factors of w(1).
23
Let c = 3 + -5. Suppose w = 6*w - 65. Let t = w + c. What are the prime factors of t?
11
Let f(g) = g**2 - 7*g + 6. Let y be f(4). Let w be (-15)/9*y/(-1). List the prime factors of (16/w)/((-1)/5).
2
Suppose 8*z - 6*z - 33 = 5*o, 0 = -3*z + 2*o + 33. What are the prime factors of z?
3
Let c(r) = -8*r - 9. List the prime factors of c(-9).
3, 7
Let c be 8/(-12)*-2*18. Suppose -3*g - 3*h + c = 0, -2*g - 2*g + 4*h + 24 = 0. List the prime factors of g + -3 + 0/(-2).
2
Suppose -21 = -4*x - 1. Suppose -5*t = -x*d - 95, 5*d - 3 = -2*t + 56. Suppose 0*f - t = -2*f. What are the prime factors of f?
11
Let d(l) be the third derivative of 0*l + 1/12*l**4 + 0 + 2*l**2 + 1/2*l**3. What are the prime factors of d(6)?
3, 5
Suppose -6 = -3*d - 0. Suppose 4*z - 1 - 21 = d*u, -5*u = 5. List the prime factors of z.
5
Let v(j) = 3*j + 5. List the prime factors of v(6).
23
Let x = 12 - 8. Let k = 10 - x. List the prime factors of k.
2, 3
Let a(c) = 5*c**3 - 2*c - 1. Let j be a(-1). Let i = j - -6. Suppose -11 - 1 = -i*p. What are the prime factors of p?
2, 3
Let r(k) be the third derivative of k**6/120 + k**5/10 - k**3 + k**2. Let f be r(-6). Let t(w) = -w**2 - 7*w - 1. List the prime factors of t(f).
5
Suppose 4*h - 5*y - 491 - 336 = 0, 4*h - 2*y = 830. What are the prime factors of h?
2, 13
Let c = -7 + 236. What are the prime factors of c?
229
Let s(k) = k**2 - 13*k - 35. List the prime factors of s(18).
5, 11
Let n = 51 + -31. List the prime factors of n.
2, 5
Let h(t) = -t**3 + 10*t**2 - 9*t + 1. Let p be h(9). Let g = 31 + p. List the prime factors of g.
2
What are the prime factors of (-14)/35 + (-92)/(-5)?
2, 3
List the prime factors of 4/(-14) + 3630/14.
7, 37
Let y(v) be the third derivative of v**4/24 + 2*v**2. Let z be y(6). Let c = 14 - z. What are the prime factors of c?
2
Let h be 2/(-9) - (-476)/36. Suppose m - 4 = h. What are the prime factors of m?
17
Let x(z) = -z**2 - 13*z - 10. Let p be x(-12). Let q(w) = 2*w**2 - 3*w + 2. What are